{"id":40,"date":"2020-03-14T15:37:16","date_gmt":"2020-03-14T14:37:16","guid":{"rendered":"https:\/\/www.bernardcrevel.fr\/?page_id=40"},"modified":"2020-05-25T15:04:15","modified_gmt":"2020-05-25T13:04:15","slug":"accueil","status":"publish","type":"page","link":"https:\/\/www.bernardcrevel.fr\/","title":{"rendered":"Bernard Crevel"},"content":{"rendered":"\n[et_pb_section fb_built=\u00a0\u00bb1&Prime; admin_label=\u00a0\u00bbHero Section\u00a0\u00bb _builder_version=\u00a0\u00bb4.4.1&Prime; use_background_color_gradient=\u00a0\u00bbon\u00a0\u00bb background_color_gradient_start=\u00a0\u00bbrgba(244,240,233,0.9)\u00a0\u00bb background_color_gradient_end=\u00a0\u00bbrgba(244,240,233,0)\u00a0\u00bb background_color_gradient_direction=\u00a0\u00bb90deg\u00a0\u00bb background_color_gradient_start_position=\u00a0\u00bb30%\u00a0\u00bb background_color_gradient_overlays_image=\u00a0\u00bbon\u00a0\u00bb background_image=\u00a0\u00bbhttps:\/\/www.bernardcrevel.fr\/wp-content\/uploads\/2020\/03\/florist-11.jpg\u00a0\u00bb custom_margin=\u00a0\u00bb|||\u00a0\u00bb custom_padding=\u00a0\u00bb12px|0px|24px|0px||\u00a0\u00bb][et_pb_row custom_padding_last_edited=\u00a0\u00bboff|desktop\u00a0\u00bb admin_label=\u00a0\u00bbHero Area\u00a0\u00bb _builder_version=\u00a0\u00bb4.4.1&Prime; custom_padding=\u00a0\u00bb6px|0px|0px|0px||\u00a0\u00bb][et_pb_column type=\u00a0\u00bb4_4&Prime; _builder_version=\u00a0\u00bb3.25&Prime; custom_padding=\u00a0\u00bb|||\u00a0\u00bb custom_padding__hover=\u00a0\u00bb|||\u00a0\u00bb][et_pb_text admin_label=\u00a0\u00bbHero Title\u00a0\u00bb _builder_version=\u00a0\u00bb3.27.4&Prime; text_font=\u00a0\u00bbPlayfair Display||||||||\u00a0\u00bb header_font=\u00a0\u00bbAlice||||||||\u00a0\u00bb header_font_size=\u00a0\u00bb80px\u00a0\u00bb header_letter_spacing=\u00a0\u00bb-3px\u00a0\u00bb header_line_height=\u00a0\u00bb1.1em\u00a0\u00bb custom_margin=\u00a0\u00bb||0px|\u00a0\u00bb custom_padding=\u00a0\u00bb|||\u00a0\u00bb animation_style=\u00a0\u00bbslide\u00a0\u00bb animation_direction=\u00a0\u00bbleft\u00a0\u00bb animation_intensity_slide=\u00a0\u00bb5%\u00a0\u00bb animation_starting_opacity=\u00a0\u00bb100%\u00a0\u00bb text_font_size_last_edited=\u00a0\u00bboff|desktop\u00a0\u00bb header_font_size_tablet=\u00a0\u00bb\u00a0\u00bb header_font_size_phone=\u00a0\u00bb60px\u00a0\u00bb header_font_size_last_edited=\u00a0\u00bbon|phone\u00a0\u00bb]<h1>Bernard CREVEL<\/h1>[\/et_pb_text][et_pb_text _builder_version=\u00a0\u00bb4.4.1&Prime; text_font=\u00a0\u00bb||||||||\u00a0\u00bb text_font_size=\u00a0\u00bb18px\u00a0\u00bb text_line_height=\u00a0\u00bb1.8em\u00a0\u00bb header_font=\u00a0\u00bb||||||||\u00a0\u00bb custom_margin=\u00a0\u00bb|-278px||||\u00a0\u00bb custom_padding=\u00a0\u00bb|0px|2px|||\u00a0\u00bb animation_style=\u00a0\u00bbslide\u00a0\u00bb animation_direction=\u00a0\u00bbleft\u00a0\u00bb animation_intensity_slide=\u00a0\u00bb5%\u00a0\u00bb animation_starting_opacity=\u00a0\u00bb100%\u00a0\u00bb]<p>Un enseignement de Sagesse<\/p>\n<p><em>\u00ab\u00a0Cet enseignement est fait pour \u00eatre partag\u00e9\u2026<br \/> <\/em><em>ainsi, le monde ira peut-\u00eatre un peu mieux.\u00a0\u00bb<\/em><\/p>\n<p><em><\/em><\/p>[\/et_pb_text][\/et_pb_column][\/et_pb_row][et_pb_row column_structure=\u00a0\u00bb2_5,3_5&Prime; _builder_version=\u00a0\u00bb4.4.1&Prime;][et_pb_column type=\u00a0\u00bb2_5&Prime; _builder_version=\u00a0\u00bb4.4.1&Prime;][et_pb_image src=\u00a0\u00bbhttps:\/\/www.bernardcrevel.fr\/wp-content\/uploads\/2020\/03\/Bernard_Crevel-photo-rare2.png\u00a0\u00bb _builder_version=\u00a0\u00bb4.4.1&Prime; width=\u00a0\u00bb41%\u00a0\u00bb custom_margin=\u00a0\u00bb|-66px|||false|false\u00a0\u00bb][\/et_pb_image][\/et_pb_column][et_pb_column type=\u00a0\u00bb3_5&Prime; _builder_version=\u00a0\u00bb4.4.1&Prime;][et_pb_text _builder_version=\u00a0\u00bb4.4.1&Prime; custom_margin=\u00a0\u00bb||||false|false\u00a0\u00bb custom_padding=\u00a0\u00bb||0px|||\u00a0\u00bb]<p><span style=\"font-size: 14px;\"><strong>\u00a0Bernard CREVEL<\/strong><\/span><span style=\"font-size: 14px;\">\u00a0<\/span><\/p>\n<p><span style=\"text-decoration: underline;\">Son histoire:\u00a0 <\/span><\/p>\n<p>Bernard CREVEL est un \u00ab\u00a0personnage discret \u00ab\u00a0, qui mis en pratique l&rsquo;enseignement qu&rsquo;il re\u00e7u de son ami et Ma\u00eetre\u00a0 \u00ab\u00a0Georges Saint-BONNET\u00a0\u00bb .\u00a0 Il en prit la suite et poursuivi sur sa propre voie.\u00a0\u00a0<\/p>\n<p><span style=\"text-decoration: underline;\">Son Oeuvre:<\/span><\/p>\n<p><span>L\u2019enseignement de Bernard CREVEL, nous ouvre une voie de Lucidit\u00e9 menant \u00e0 la Compr\u00e9hension de soi et des autres. \u00a0Il nous permet ainsi de devenir une femme nouvelle ou un homme nouveau.\u00a0\u00a0<\/span><span><\/span>Cette recherche de V\u00e9rit\u00e9 et de Joie en toute chose d\u00e9veloppe en nous \u00ab\u00a0une \u00e9trange chose\u00a0\u00bb que Bernard CREVEL nous d\u00e9voile sans le dire.<\/p>\n<p><span><span style=\"text-decoration: underline;\">Ici et Maintenant<\/span>:\u00a0<\/span><\/p>\n<p><span>Venez d\u00e9couvrir et t\u00e9l\u00e9charger les cahiers de Bernard CREVEL que\u00a0 Mme Dani\u00e8le GOMEZ a r\u00e9dig\u00e9s sous sa dict\u00e9e pendant de nombreuses ann\u00e9es\u00a0<\/span><span>sur la page <a href=\"https:\/\/www.bernardcrevel.fr\/?page_id=13\">\u00ab\u00a0Les cahiers \u00e0 t\u00e9l\u00e9charger\u00a0\u00bb<\/a><\/span><span><a href=\"https:\/\/www.bernardcrevel.fr\/?page_id=13\">.<\/a><\/span><\/p>\n<p>V<span style=\"text-decoration: underline;\"><span>oici l&rsquo;histoire de ces textes racont\u00e9e par Mme\u00a0 Dani\u00e8le GOMEZ:<\/span><span style=\"font-size: 14px;\">\u00a0<\/span><\/span><\/p>\n<p><span>\u00a0\u00a0\u00bb Invit\u00e9e \u00e0 une conf\u00e9rence de Bernard Crevel \u00e0 Nice, au sujet de \u00ab l\u2019Eveil \u00e0 la Lucidit\u00e9 \u00bb je fus conquise par ses r\u00e9v\u00e9lations sur l\u2019int\u00e9riorit\u00e9 de l\u2019\u00eatre humain, boulevers\u00e9e par son discours, sa personnalit\u00e9, sa qualit\u00e9 d\u2019\u00e9coute, sa compassion et par l\u2019impact d\u2019une pr\u00e9sence totale \u00ab L\u00e0 \u00bb, de son \u00eatre.<\/span><\/p>\n<p>Devenue une fid\u00e8le des s\u00e9minaires qu\u2019il organisait deux fois l\u2019an \u00e0 Grasse et \u00e0 Nice, il me demanda de prendre sous sa dict\u00e9e ses r\u00e9flexions et de les dactylographier. J\u2019ai donc achet\u00e9 un ordinateur que je transportais partout avec l\u2019imprimante. A cette \u00e9poque, je ne vous dis pas, le cirque ! On \u00e9tait loin des tablettes actuelles.<\/p>\n<p>Je tapais donc ce qu\u2019il nous dictait, je dis nous parce qu\u2019un autre apprenti, Constant, se chargeait lui, de la duplication et de la vente des monographies aux fid\u00e8les (environ 30 \u00e0 50) des s\u00e9minaires. Chaque monographie comptait une douzaine de pages. Ce travail se faisait soit chez Bernard \u00e0 Marseille, rue Sainte o\u00f9 il vivait avec son \u00e9pouse ou chez Constant \u00e0 Grasse o\u00f9 sa femme Jacqueline nous recevait avec beaucoup de gentillesse. Ces rencontres ont dur\u00e9 une quinzaine d\u2019ann\u00e9es.<br \/> Monsieur Bernard Crevel, \u00e0 la fin de sa vie, m\u00eame couch\u00e9 et souffrant, continua \u00e0 nous dicter ses pens\u00e9es. Nous sommes rest\u00e9s pr\u00e9s de lui jusqu\u2019\u00e0 son d\u00e9part pour une autre dimension.<br \/> Je fus saisie \u00e0 c\u0153ur et pour toujours par son enseignement du \u00ab connais toi toi-m\u00eame \u00bb. \u00a0<\/p>\n<p>Et cet ainsi qu&rsquo;aujourd&rsquo;hui \u00a0\u00bb je confie l&rsquo;oeuvre de Bernard CREVEL\u00a0 \u00e0 la magie d&rsquo;Internet pour qu&rsquo;elle\u00a0 trouve un \u00e9cho dans le coeur de ceux qui la d\u00e9couvriront \u00ab\u00a0.<span style=\"font-size: 14px;\">\u00a0<\/span><\/p>[\/et_pb_text][\/et_pb_column][\/et_pb_row][\/et_pb_section][et_pb_section fb_built=\u00a0\u00bb1&Prime; _builder_version=\u00a0\u00bb4.4.1&Prime; custom_padding=\u00a0\u00bb0px||14px|||\u00a0\u00bb][et_pb_row _builder_version=\u00a0\u00bb4.4.1&Prime;][et_pb_column type=\u00a0\u00bb4_4&Prime; _builder_version=\u00a0\u00bb4.4.1&Prime;][et_pb_text _builder_version=\u00a0\u00bb4.4.1&Prime; custom_padding=\u00a0\u00bb||17px|||\u00a0\u00bb]<p>Si vous avez des documents ou des photos qui pourraient nous aider \u00e0\u00a0 compl\u00e9ter ce site\u00a0\u00a0et permettre la diffusion de l\u2019enseignement de Bernard CREVEL, n\u2019h\u00e9sitez pas \u00e0 nous les\u00a0\u00a0transmettre ou \u00e0 nous contacter \u00e0 l\u2019adresse <a href=\"mailto:contact@bernardcrevel.fr\">contact@bernardcrevel.fr<\/a> .<\/p>[\/et_pb_text][\/et_pb_column][\/et_pb_row][\/et_pb_section][et_pb_section fb_built=\u00a0\u00bb1&Prime; _builder_version=\u00a0\u00bb4.4.1&Prime; custom_padding=\u00a0\u00bb0px||0px|||\u00a0\u00bb][et_pb_row column_structure=\u00a0\u00bb1_5,3_5,1_5&Prime; _builder_version=\u00a0\u00bb4.4.1&Prime;][et_pb_column type=\u00a0\u00bb1_5&Prime; _builder_version=\u00a0\u00bb4.4.1&Prime;][\/et_pb_column][et_pb_column type=\u00a0\u00bb3_5&Prime; _builder_version=\u00a0\u00bb4.4.1&Prime;][et_pb_image src=\u00a0\u00bbhttps:\/\/www.bernardcrevel.fr\/wp-content\/uploads\/2020\/03\/Logo_N.png\u00a0\u00bb align=\u00a0\u00bbcenter\u00a0\u00bb _builder_version=\u00a0\u00bb4.4.1&Prime; width=\u00a0\u00bb7%\u00a0\u00bb][\/et_pb_image][\/et_pb_column][et_pb_column type=\u00a0\u00bb1_5&Prime; _builder_version=\u00a0\u00bb4.4.1&Prime;][\/et_pb_column][\/et_pb_row][\/et_pb_section]\n","protected":false},"excerpt":{"rendered":"","protected":false},"author":3,"featured_media":0,"parent":0,"menu_order":0,"comment_status":"closed","ping_status":"closed","template":"","meta":{"_et_pb_use_builder":"on","_et_pb_old_content":"<!-- wp:divi\/placeholder \/-->","_et_gb_content_width":"","footnotes":""},"class_list":["post-40","page","type-page","status-publish","hentry"],"yoast_head":"<!-- This site is optimized with the Yoast SEO plugin v24.5 - https:\/\/yoast.com\/wordpress\/plugins\/seo\/ -->\n<title>Bernard CREVEL - Un enseignement de Sagesse<\/title>\n<meta name=\"description\" content=\"Bernard CREVEL est un \u00ab personnage discret \u00ab , qui mis en pratique l\u2019enseignement qu\u2019il re\u00e7u de son ami et Ma\u00eetre \u00ab Georges Saint-BONNET \u00bb .\" \/>\n<meta name=\"robots\" content=\"index, follow, max-snippet:-1, max-image-preview:large, max-video-preview:-1\" \/>\n<link rel=\"canonical\" href=\"https:\/\/www.bernardcrevel.fr\/\" \/>\n<meta property=\"og:locale\" content=\"fr_FR\" \/>\n<meta property=\"og:type\" content=\"article\" \/>\n<meta property=\"og:title\" content=\"Bernard CREVEL - Un enseignement de Sagesse\" \/>\n<meta property=\"og:description\" content=\"Bernard CREVEL est un \u00ab personnage discret \u00ab , qui mis en pratique l\u2019enseignement qu\u2019il re\u00e7u de son ami et Ma\u00eetre \u00ab Georges Saint-BONNET \u00bb .\" \/>\n<meta property=\"og:url\" content=\"https:\/\/www.bernardcrevel.fr\/\" \/>\n<meta property=\"og:site_name\" content=\"Bernard CREVEL\" \/>\n<meta property=\"article:modified_time\" content=\"2020-05-25T13:04:15+00:00\" \/>\n<meta name=\"twitter:card\" content=\"summary_large_image\" \/>\n<meta name=\"twitter:label1\" content=\"Dur\u00e9e de lecture estim\u00e9e\" \/>\n\t<meta name=\"twitter:data1\" content=\"4 minutes\" \/>\n<script type=\"application\/ld+json\" class=\"yoast-schema-graph\">{\"@context\":\"https:\/\/schema.org\",\"@graph\":[{\"@type\":\"WebPage\",\"@id\":\"https:\/\/www.bernardcrevel.fr\/\",\"url\":\"https:\/\/www.bernardcrevel.fr\/\",\"name\":\"Bernard CREVEL - Un enseignement de Sagesse\",\"isPartOf\":{\"@id\":\"https:\/\/www.bernardcrevel.fr\/#website\"},\"datePublished\":\"2020-03-14T14:37:16+00:00\",\"dateModified\":\"2020-05-25T13:04:15+00:00\",\"description\":\"Bernard CREVEL est un \u00ab personnage discret \u00ab , qui mis en pratique l\u2019enseignement qu\u2019il re\u00e7u de son ami et Ma\u00eetre \u00ab Georges Saint-BONNET \u00bb .\",\"breadcrumb\":{\"@id\":\"https:\/\/www.bernardcrevel.fr\/#breadcrumb\"},\"inLanguage\":\"fr-FR\",\"potentialAction\":[{\"@type\":\"ReadAction\",\"target\":[\"https:\/\/www.bernardcrevel.fr\/\"]}]},{\"@type\":\"BreadcrumbList\",\"@id\":\"https:\/\/www.bernardcrevel.fr\/#breadcrumb\",\"itemListElement\":[{\"@type\":\"ListItem\",\"position\":1,\"name\":\"Accueil\",\"item\":\"https:\/\/www.bernardcrevel.fr\/\"},{\"@type\":\"ListItem\",\"position\":2,\"name\":\"Bernard Crevel\"}]},{\"@type\":\"WebSite\",\"@id\":\"https:\/\/www.bernardcrevel.fr\/#website\",\"url\":\"https:\/\/www.bernardcrevel.fr\/\",\"name\":\"Bernard CREVEL\",\"description\":\"Un enseignement de Sagesse\",\"potentialAction\":[{\"@type\":\"SearchAction\",\"target\":{\"@type\":\"EntryPoint\",\"urlTemplate\":\"https:\/\/www.bernardcrevel.fr\/?s={search_term_string}\"},\"query-input\":{\"@type\":\"PropertyValueSpecification\",\"valueRequired\":true,\"valueName\":\"search_term_string\"}}],\"inLanguage\":\"fr-FR\"}]}<\/script>\n<!-- \/ Yoast SEO plugin. -->","yoast_head_json":{"title":"Bernard CREVEL - Un enseignement de Sagesse","description":"Bernard CREVEL est un \u00ab personnage discret \u00ab , qui mis en pratique l\u2019enseignement qu\u2019il re\u00e7u de son ami et Ma\u00eetre \u00ab Georges Saint-BONNET \u00bb .","robots":{"index":"index","follow":"follow","max-snippet":"max-snippet:-1","max-image-preview":"max-image-preview:large","max-video-preview":"max-video-preview:-1"},"canonical":"https:\/\/www.bernardcrevel.fr\/","og_locale":"fr_FR","og_type":"article","og_title":"Bernard CREVEL - Un enseignement de Sagesse","og_description":"Bernard CREVEL est un \u00ab personnage discret \u00ab , qui mis en pratique l\u2019enseignement qu\u2019il re\u00e7u de son ami et Ma\u00eetre \u00ab Georges Saint-BONNET \u00bb .","og_url":"https:\/\/www.bernardcrevel.fr\/","og_site_name":"Bernard CREVEL","article_modified_time":"2020-05-25T13:04:15+00:00","twitter_card":"summary_large_image","twitter_misc":{"Dur\u00e9e de lecture estim\u00e9e":"4 minutes"},"schema":{"@context":"https:\/\/schema.org","@graph":[{"@type":"WebPage","@id":"https:\/\/www.bernardcrevel.fr\/","url":"https:\/\/www.bernardcrevel.fr\/","name":"Bernard CREVEL - Un enseignement de Sagesse","isPartOf":{"@id":"https:\/\/www.bernardcrevel.fr\/#website"},"datePublished":"2020-03-14T14:37:16+00:00","dateModified":"2020-05-25T13:04:15+00:00","description":"Bernard CREVEL est un \u00ab personnage discret \u00ab , qui mis en pratique l\u2019enseignement qu\u2019il re\u00e7u de son ami et Ma\u00eetre \u00ab Georges Saint-BONNET \u00bb .","breadcrumb":{"@id":"https:\/\/www.bernardcrevel.fr\/#breadcrumb"},"inLanguage":"fr-FR","potentialAction":[{"@type":"ReadAction","target":["https:\/\/www.bernardcrevel.fr\/"]}]},{"@type":"BreadcrumbList","@id":"https:\/\/www.bernardcrevel.fr\/#breadcrumb","itemListElement":[{"@type":"ListItem","position":1,"name":"Accueil","item":"https:\/\/www.bernardcrevel.fr\/"},{"@type":"ListItem","position":2,"name":"Bernard Crevel"}]},{"@type":"WebSite","@id":"https:\/\/www.bernardcrevel.fr\/#website","url":"https:\/\/www.bernardcrevel.fr\/","name":"Bernard CREVEL","description":"Un enseignement de Sagesse","potentialAction":[{"@type":"SearchAction","target":{"@type":"EntryPoint","urlTemplate":"https:\/\/www.bernardcrevel.fr\/?s={search_term_string}"},"query-input":{"@type":"PropertyValueSpecification","valueRequired":true,"valueName":"search_term_string"}}],"inLanguage":"fr-FR"}]}},"_links":{"self":[{"href":"https:\/\/www.bernardcrevel.fr\/index.php?rest_route=\/wp\/v2\/pages\/40","targetHints":{"allow":["GET"]}}],"collection":[{"href":"https:\/\/www.bernardcrevel.fr\/index.php?rest_route=\/wp\/v2\/pages"}],"about":[{"href":"https:\/\/www.bernardcrevel.fr\/index.php?rest_route=\/wp\/v2\/types\/page"}],"author":[{"embeddable":true,"href":"https:\/\/www.bernardcrevel.fr\/index.php?rest_route=\/wp\/v2\/users\/3"}],"replies":[{"embeddable":true,"href":"https:\/\/www.bernardcrevel.fr\/index.php?rest_route=%2Fwp%2Fv2%2Fcomments&post=40"}],"version-history":[{"count":29,"href":"https:\/\/www.bernardcrevel.fr\/index.php?rest_route=\/wp\/v2\/pages\/40\/revisions"}],"predecessor-version":[{"id":311,"href":"https:\/\/www.bernardcrevel.fr\/index.php?rest_route=\/wp\/v2\/pages\/40\/revisions\/311"}],"wp:attachment":[{"href":"https:\/\/www.bernardcrevel.fr\/index.php?rest_route=%2Fwp%2Fv2%2Fmedia&parent=40"}],"curies":[{"name":"wp","href":"https:\/\/api.w.org\/{rel}","templated":true}]}}