{"id":320,"date":"2025-02-28T14:01:00","date_gmt":"2025-02-28T13:01:00","guid":{"rendered":"https:\/\/www.bernardcrevel.fr\/?page_id=320"},"modified":"2025-03-15T16:32:52","modified_gmt":"2025-03-15T15:32:52","slug":"georges-saint-bonnet","status":"publish","type":"page","link":"https:\/\/www.bernardcrevel.fr\/?page_id=320","title":{"rendered":"Georges Saint-Bonnet"},"content":{"rendered":"<p>[et_pb_section fb_built=\u00a0\u00bb1&Prime; admin_label=\u00a0\u00bbHero Section\u00a0\u00bb _builder_version=\u00a0\u00bb4.4.1&Prime; use_background_color_gradient=\u00a0\u00bbon\u00a0\u00bb background_color_gradient_start=\u00a0\u00bbrgba(244,240,233,0.9)\u00a0\u00bb background_color_gradient_end=\u00a0\u00bbrgba(244,240,233,0)\u00a0\u00bb background_color_gradient_direction=\u00a0\u00bb90deg\u00a0\u00bb background_color_gradient_start_position=\u00a0\u00bb30%\u00a0\u00bb background_color_gradient_overlays_image=\u00a0\u00bbon\u00a0\u00bb background_image=\u00a0\u00bbhttps:\/\/www.bernardcrevel.fr\/wp-content\/uploads\/2020\/03\/florist-11.jpg\u00a0\u00bb custom_margin=\u00a0\u00bb|||\u00a0\u00bb custom_padding=\u00a0\u00bb12px|0px|24px|0px||\u00a0\u00bb][et_pb_row column_structure=\u00a0\u00bb1_2,1_2&Prime; custom_padding_last_edited=\u00a0\u00bboff|desktop\u00a0\u00bb admin_label=\u00a0\u00bbHero Area\u00a0\u00bb _builder_version=\u00a0\u00bb4.4.1&Prime; custom_padding=\u00a0\u00bb6px|0px|0px|0px||\u00a0\u00bb][et_pb_column type=\u00a0\u00bb1_2&Prime; _builder_version=\u00a0\u00bb3.25&Prime; custom_padding=\u00a0\u00bb|||\u00a0\u00bb custom_padding__hover=\u00a0\u00bb|||\u00a0\u00bb][et_pb_text admin_label=\u00a0\u00bbHero Title\u00a0\u00bb _builder_version=\u00a0\u00bb4.4.6&Prime; text_font=\u00a0\u00bbPlayfair Display||||||||\u00a0\u00bb header_font=\u00a0\u00bbAlice||||||||\u00a0\u00bb header_font_size=\u00a0\u00bb80px\u00a0\u00bb header_letter_spacing=\u00a0\u00bb-3px\u00a0\u00bb header_line_height=\u00a0\u00bb1.1em\u00a0\u00bb custom_margin=\u00a0\u00bb|-599px|0px|||\u00a0\u00bb custom_padding=\u00a0\u00bb|||\u00a0\u00bb animation_style=\u00a0\u00bbslide\u00a0\u00bb animation_direction=\u00a0\u00bbleft\u00a0\u00bb animation_intensity_slide=\u00a0\u00bb5%\u00a0\u00bb animation_starting_opacity=\u00a0\u00bb100%\u00a0\u00bb text_font_size_last_edited=\u00a0\u00bboff|desktop\u00a0\u00bb header_font_size_tablet=\u00a0\u00bb\u00a0\u00bb header_font_size_phone=\u00a0\u00bb60px\u00a0\u00bb header_font_size_last_edited=\u00a0\u00bbon|phone\u00a0\u00bb]<\/p>\n<h1>Georges Saint-Bonnet<\/h1>\n<p>[\/et_pb_text][et_pb_text _builder_version=\u00a0\u00bb4.4.1&Prime; text_font=\u00a0\u00bb||||||||\u00a0\u00bb text_font_size=\u00a0\u00bb18px\u00a0\u00bb text_line_height=\u00a0\u00bb1.8em\u00a0\u00bb header_font=\u00a0\u00bb||||||||\u00a0\u00bb custom_margin=\u00a0\u00bb|-278px||||\u00a0\u00bb custom_padding=\u00a0\u00bb|0px|2px|||\u00a0\u00bb animation_style=\u00a0\u00bbslide\u00a0\u00bb animation_direction=\u00a0\u00bbleft\u00a0\u00bb animation_intensity_slide=\u00a0\u00bb5%\u00a0\u00bb animation_starting_opacity=\u00a0\u00bb100%\u00a0\u00bb]<\/p>\n<p>\u00a0\u00ab\u00a0Le Ma\u00eetre de joie\u00a0\u00bb<\/p>\n<p><em><\/em><\/p>\n<p>[\/et_pb_text][\/et_pb_column][et_pb_column type=\u00a0\u00bb1_2&Prime; _builder_version=\u00a0\u00bb4.4.6&Prime;][\/et_pb_column][\/et_pb_row][et_pb_row column_structure=\u00a0\u00bb2_5,3_5&Prime; _builder_version=\u00a0\u00bb4.4.1&Prime;][et_pb_column type=\u00a0\u00bb2_5&Prime; _builder_version=\u00a0\u00bb4.4.1&Prime;][et_pb_image src=\u00a0\u00bbhttps:\/\/www.bernardcrevel.fr\/wp-content\/uploads\/2020\/04\/gsbphoto01.png\u00a0\u00bb title_text=\u00a0\u00bbgsbphoto01&Prime; _builder_version=\u00a0\u00bb4.4.6&Prime; width=\u00a0\u00bb41%\u00a0\u00bb custom_margin=\u00a0\u00bb|-66px|||false|false\u00a0\u00bb][\/et_pb_image][\/et_pb_column][et_pb_column type=\u00a0\u00bb3_5&Prime; _builder_version=\u00a0\u00bb4.4.1&Prime;][et_pb_text _builder_version=\u00a0\u00bb4.4.6&Prime; custom_margin=\u00a0\u00bb||||false|false\u00a0\u00bb custom_padding=\u00a0\u00bb||0px|||\u00a0\u00bb]<\/p>\n<p><strong>Georges Saint-Bonnet<\/strong><\/p>\n<p><strong><\/strong><\/p>\n<blockquote>\n<p><em>Avertissement\u00a0: dans ce site nous ne nous int\u00e9resserons \u00e0 son parcours qu\u2019\u00e0 partir de 1951 et \u00e0\u00a0 son \u0153uvre de rachat sur la voie de la Tradition. Nous laisserons ses \u00e9crits, pens\u00e9es et actes ant\u00e9rieurs aux jugements de l\u2019histoire<\/em>.<\/p>\n<p>&nbsp;<\/p>\n<p>&nbsp;<\/p>\n<\/blockquote>\n<p><span style=\"text-decoration: underline;\">Son histoire:\u00a0<\/span><\/p>\n<p>Georges Saint-Bonnet (de son vrai nom Louis Pierre Georges Bonnet), n\u00e9 le 31 d\u00e9cembre 1898 \u00e0 Roanne (Loire) et mort le 17 janvier 1963 dans le 16e arrondissement de Paris, est un homme d\u2019affaires, journaliste, \u00e9crivain et haut fonctionnaire puis gu\u00e9risseur et ma\u00eetre spirituel fran\u00e7ais.<\/p>\n<p>Georges Saint-Bonnet est issu d&rsquo;une famille protestante de la Dr\u00f4me.<\/p>\n<p>Georges Saint-Bonnet avait une connaissance \u00e9tendue des traditions occultes : celles de l&rsquo;Inde et celles de l&rsquo;\u00c9gypte, celles du monde arabe et celles du monde juif, celles enfin et surtout du christianisme.<\/p>\n<p>Il renvoyait souvent \u00e0 elles et citait en particulier Paracelse, Swedenborg, Rudolf Steiner. L&rsquo;enseignement unitiste \u00e9tait ouvertement li\u00e9 \u00e0 la tradition rosicrucienne. C&rsquo;\u00e9tait un enseignement \u00e9sot\u00e9rique chr\u00e9tien.<\/p>\n<p>Il a \u00e9crit avoir re\u00e7u \u00ab le gros de son bagage \u00bb de trois hommes qu&rsquo;il consid\u00e8re comme ses ma\u00eetres spirituels :<br \/> &#8211; un moine exorciste, le P\u00e8re dominicain Henri-Jean Omez.<br \/> &#8211; un kabbaliste juif<br \/> &#8211; et, surtout un grand oncle, Philippe Doumergue (1832-1908), pasteur protestant, \u00e9galement th\u00e9ologien et gu\u00e9risseur. D\u00e9c\u00e9d\u00e9 alors qu&rsquo;il n&rsquo;avait que quelques ann\u00e9es, le pasteur lui avait transmis sa biblioth\u00e8que ainsi qu&rsquo;un coffre contenant ses enseignements.<\/p>\n<p>Il fonde en 1948 le groupe unitiste, tr\u00e8s inspir\u00e9 par la tradition rosicrucienne.<\/p>\n<p>Tomb\u00e9 malade au printemps 1962, Georges Saint-Bonnet se retire \u00e0 Luc-en-Diois o\u00f9 il avait grandi.<\/p>\n<p>Il meurt le 17 janvier 1963, son corps repose dans un cimeti\u00e8re familial \u00e0 Luc-en-Diois.<\/p>\n<p><span style=\"text-decoration: underline;\">Son Oeuvre (<\/span><span style=\"text-decoration: underline;\">D\u00e9veloppement personnel, \u00e9sot\u00e9risme)<\/span><\/p>\n<p>Initiation et pouvoirs &#8211; 1951.<br \/> D\u00e9passement et r\u00e9alisation &#8211; 1956.<br \/> Pleins feux sur l&rsquo;occulte &#8211; 1963.<\/p>\n<p>\u00a0<span style=\"font-size: 14px;\">Il publie de 1956 \u00e0 1960 les 10 cahiers de l\u2019unitisme\u00a0 qui constituent le corpus de sa doctrine.<\/span><\/p>\n<ul>\n<li>N\u00b01 : Comment soigner et gu\u00e9rir sans exercice ill\u00e9gal de la m\u00e9decine. Principes et proc\u00e9d\u00e9s de base &#8211; 1956.<\/li>\n<li><strong>N\u00b02 : Gurdjieff \u00e9tait trop grand pour nous : Comprendre et utiliser l&rsquo;enseignement de Gurdjieff &#8211; 1956.<\/strong><\/li>\n<li>N\u00b03 : Comment choisir son yoga. Pr\u00e9cisions sur ce que l&rsquo;on peut attendre du yoga &#8211; 1956.<\/li>\n<li><strong>N\u00b04 : Enfin un yoga catholique : Le moyen court, Mme J.B de la Motte Guyon, pr\u00e9face de Georges Saint-Bonnet &#8211; 1956.<\/strong><\/li>\n<li><strong>N\u00b05 : Le tarot des Rose-Croix &#8211; 1957.\u00a0 \u00a0<\/strong><\/li>\n<li>N\u00b06 : R\u00e9ussir est un devoir. \u00catre quelqu&rsquo;un ou Comment se forger une personnalit\u00e9 gagnante &#8211; 1957.<\/li>\n<li>N\u00b07 : Ce que l&rsquo;on voit sans les yeux, Jacques Lusseyran, introduction et notes de Georges Saint-Bonnet &#8211; 1958.<\/li>\n<li>N\u00b08 : Gu\u00e9rir \u00e0 coup s\u00fbr &#8211; 1958.<\/li>\n<li>N\u00b09 : De la Magie sexuelle. Principes et possibilit\u00e9s, dangers, r\u00e9alisations &#8211; 1959.<\/li>\n<li>N\u00b010 : Joie, pouvoirs, r\u00e9ussite. D&rsquo;une technique qui d\u00e9cuple les facult\u00e9s de l&rsquo;homme &#8211; 1960.<\/li>\n<\/ul>\n<p><span style=\"font-size: 14px;\">\u00a0<\/span><\/p>\n<p><u>Citations<\/u>:\u00a0<\/p>\n<p><strong>\u00ab\u00a0La m\u00e9moire ! Une qualit\u00e9 n\u2019est-ce pas ? <br \/> <\/strong>Une b\u00e9n\u00e9diction. Un vrai don du ciel\u2026<br \/><span style=\"font-size: 14px;\">Non ! : Un don du diable. Une qualit\u00e9 maudite \u2026<br \/><\/span>La m\u00e9moire est une facult\u00e9 qui vient d\u2019en bas et qui est li\u00e9e \u00e0 la mati\u00e8re.<br \/><span style=\"font-size: 14px;\">Elle rel\u00e8ve de la quantit\u00e9 et non de la qualit\u00e9.<br \/><\/span>Qu\u2019est-elle sinon un fourre-tout, un sac o\u00f9 l\u2019on peut entasser n\u2019importe quoi, le bon et le mauvais, le meilleur et le pire. Elle ne choisit pas. Elle enregistre et elle engrange. Peu lui importe que ce soit du grain ou de l\u2019ivraie, du vrai, du faux, du propre ou du sale\u2026\u00a0\u00bb<\/p>\n<p><em>Georges Saint-Bonnet &#8211; 1951 &#8211; Initiation et pouvoirs p83-p84<\/em><\/p>\n<p>&nbsp;<\/p>\n<p>[\/et_pb_text][\/et_pb_column][\/et_pb_row][\/et_pb_section][et_pb_section fb_built=\u00a0\u00bb1&Prime; _builder_version=\u00a0\u00bb4.4.1&Prime; custom_padding=\u00a0\u00bb0px||0px|||\u00a0\u00bb][et_pb_row column_structure=\u00a0\u00bb1_5,3_5,1_5&Prime; _builder_version=\u00a0\u00bb4.4.1&Prime;][et_pb_column type=\u00a0\u00bb1_5&Prime; _builder_version=\u00a0\u00bb4.4.1&Prime;][\/et_pb_column][et_pb_column type=\u00a0\u00bb3_5&Prime; _builder_version=\u00a0\u00bb4.4.1&Prime;][et_pb_image src=\u00a0\u00bbhttps:\/\/www.bernardcrevel.fr\/wp-content\/uploads\/2025\/02\/Los4roses.png\u00a0\u00bb title_text=\u00a0\u00bbLos4roses\u00a0\u00bb align=\u00a0\u00bbcenter\u00a0\u00bb _builder_version=\u00a0\u00bb4.4.6&Prime; width=\u00a0\u00bb7%\u00a0\u00bb][\/et_pb_image][\/et_pb_column][et_pb_column type=\u00a0\u00bb1_5&Prime; _builder_version=\u00a0\u00bb4.4.1&Prime;][\/et_pb_column][\/et_pb_row][et_pb_row _builder_version=\u00a0\u00bb4.4.6&Prime;][et_pb_column type=\u00a0\u00bb4_4&Prime; _builder_version=\u00a0\u00bb4.4.6&Prime;][et_pb_gallery gallery_ids=\u00a0\u00bb351,341,342,343,344,345,346,347,348,349,362&Prime; posts_number=\u00a0\u00bb11&Prime; show_title_and_caption=\u00a0\u00bboff\u00a0\u00bb _builder_version=\u00a0\u00bb4.4.6&Prime;][\/et_pb_gallery][\/et_pb_column][\/et_pb_row][\/et_pb_section][et_pb_section fb_built=\u00a0\u00bb1&Prime; _builder_version=\u00a0\u00bb4.4.1&Prime; custom_padding=\u00a0\u00bb0px||14px|||\u00a0\u00bb][et_pb_row _builder_version=\u00a0\u00bb4.4.1&Prime;][et_pb_column type=\u00a0\u00bb4_4&Prime; _builder_version=\u00a0\u00bb4.4.1&Prime;][et_pb_text _builder_version=\u00a0\u00bb4.4.6&Prime; custom_padding=\u00a0\u00bb||17px|||\u00a0\u00bb]<\/p>\n<p>Si vous avez des documents ou des photos qui pourraient nous aider \u00e0\u00a0 compl\u00e9ter ce site\u00a0\u00a0et permettre la diffusion de l\u2019enseignement de Georges Saint-Bonnet n\u2019h\u00e9sitez pas \u00e0 nous les\u00a0\u00a0transmettre ou \u00e0 nous contacter \u00e0 l\u2019adresse <a href=\"mailto:contact@bernardcrevel.fr\">contact@bernardcrevel.fr<\/a> .\u00a0<\/p>\n<p>\u00ab\u00a0La transmission passe de main en main sans jamais se signer.\u00a0\u00bb<\/p>\n<p>[\/et_pb_text][\/et_pb_column][\/et_pb_row][\/et_pb_section]<\/p>\n","protected":false},"excerpt":{"rendered":"<p>[et_pb_section fb_built=\u00a0\u00bb1&Prime; admin_label=\u00a0\u00bbHero Section\u00a0\u00bb _builder_version=\u00a0\u00bb4.4.1&Prime; use_background_color_gradient=\u00a0\u00bbon\u00a0\u00bb background_color_gradient_start=\u00a0\u00bbrgba(244,240,233,0.9)\u00a0\u00bb background_color_gradient_end=\u00a0\u00bbrgba(244,240,233,0)\u00a0\u00bb background_color_gradient_direction=\u00a0\u00bb90deg\u00a0\u00bb background_color_gradient_start_position=\u00a0\u00bb30%\u00a0\u00bb background_color_gradient_overlays_image=\u00a0\u00bbon\u00a0\u00bb background_image=\u00a0\u00bbhttps:\/\/www.bernardcrevel.fr\/wp-content\/uploads\/2020\/03\/florist-11.jpg\u00a0\u00bb custom_margin=\u00a0\u00bb|||\u00a0\u00bb custom_padding=\u00a0\u00bb12px|0px|24px|0px||\u00a0\u00bb][et_pb_row column_structure=\u00a0\u00bb1_2,1_2&Prime; custom_padding_last_edited=\u00a0\u00bboff|desktop\u00a0\u00bb admin_label=\u00a0\u00bbHero Area\u00a0\u00bb _builder_version=\u00a0\u00bb4.4.1&Prime; custom_padding=\u00a0\u00bb6px|0px|0px|0px||\u00a0\u00bb][et_pb_column type=\u00a0\u00bb1_2&Prime; _builder_version=\u00a0\u00bb3.25&Prime; custom_padding=\u00a0\u00bb|||\u00a0\u00bb custom_padding__hover=\u00a0\u00bb|||\u00a0\u00bb][et_pb_text admin_label=\u00a0\u00bbHero Title\u00a0\u00bb _builder_version=\u00a0\u00bb4.4.6&Prime; text_font=\u00a0\u00bbPlayfair Display||||||||\u00a0\u00bb header_font=\u00a0\u00bbAlice||||||||\u00a0\u00bb header_font_size=\u00a0\u00bb80px\u00a0\u00bb header_letter_spacing=\u00a0\u00bb-3px\u00a0\u00bb header_line_height=\u00a0\u00bb1.1em\u00a0\u00bb custom_margin=\u00a0\u00bb|-599px|0px|||\u00a0\u00bb custom_padding=\u00a0\u00bb|||\u00a0\u00bb animation_style=\u00a0\u00bbslide\u00a0\u00bb animation_direction=\u00a0\u00bbleft\u00a0\u00bb animation_intensity_slide=\u00a0\u00bb5%\u00a0\u00bb animation_starting_opacity=\u00a0\u00bb100%\u00a0\u00bb text_font_size_last_edited=\u00a0\u00bboff|desktop\u00a0\u00bb header_font_size_tablet=\u00a0\u00bb\u00a0\u00bb header_font_size_phone=\u00a0\u00bb60px\u00a0\u00bb header_font_size_last_edited=\u00a0\u00bbon|phone\u00a0\u00bb] Georges Saint-Bonnet [\/et_pb_text][et_pb_text _builder_version=\u00a0\u00bb4.4.1&Prime; text_font=\u00a0\u00bb||||||||\u00a0\u00bb text_font_size=\u00a0\u00bb18px\u00a0\u00bb text_line_height=\u00a0\u00bb1.8em\u00a0\u00bb header_font=\u00a0\u00bb||||||||\u00a0\u00bb custom_margin=\u00a0\u00bb|-278px||||\u00a0\u00bb custom_padding=\u00a0\u00bb|0px|2px|||\u00a0\u00bb animation_style=\u00a0\u00bbslide\u00a0\u00bb animation_direction=\u00a0\u00bbleft\u00a0\u00bb [&hellip;]<\/p>\n","protected":false},"author":1,"featured_media":0,"parent":0,"menu_order":0,"comment_status":"closed","ping_status":"closed","template":"","meta":{"_et_pb_use_builder":"on","_et_pb_old_content":"<!-- wp:paragraph -->\n<p>\u00a0\"Le Ma\u00eetre de joie ...<\/p>\n<!-- \/wp:paragraph -->\n\n<!-- wp:paragraph -->\n<p>Georges Saint-Bonnet avait une connaissance \u00e9tendue des traditions occultes : celles de l'Inde et celles de l'\u00c9gypte, celles du monde arabe et celles du monde juif, celles enfin et surtout du christianisme.<\/p>\n<!-- \/wp:paragraph -->\n\n<!-- wp:paragraph -->\n<p>Il renvoyait souvent \u00e0 elles et citait en particulier Paracelse, Swedenborg, Rudolf Steiner. L'enseignement unitiste \u00e9tait ouvertement li\u00e9 \u00e0 la tradition rosicrucienne. C'\u00e9tait un enseignement \u00e9sot\u00e9rique chr\u00e9tien.&nbsp;<\/p>\n<!-- \/wp:paragraph -->\n\n<!-- wp:paragraph -->\n<p>Il a \u00e9crit avoir re\u00e7u \u00ab le gros de son bagage \u00bb de trois hommes qu'il consid\u00e8re comme ses ma\u00eetres spirituels :<br>- un moine exorciste , Il s'agit fort probablement du P\u00e8re dominicain Henri-Jean Omez (1892-1968), que Georges Saint-Bonnet \u00e9voque dans le Cahier de l\u2019Unitisme N\u00b0 9, p. 134.<br>- un kabbaliste juif<br>- et, surtout un grand oncle, Philippe Doumergue (1832-1908), pasteur protestant, \u00e9galement th\u00e9ologien et gu\u00e9risseur \u00ab d'une abondance miraculeuse aussi consid\u00e9rable que le cur\u00e9 d'Ars \u00bb. D\u00e9c\u00e9d\u00e9 alors qu'il n'avait que quelques ann\u00e9es, le pasteur lui avait transmis sa biblioth\u00e8que ainsi qu'un coffre contenant ses enseignements.<\/p>\n<!-- \/wp:paragraph -->\n\n<!-- wp:paragraph -->\n<p>Tomb\u00e9 malade au printemps 1962, Georges Saint-Bonnet se retire \u00e0 Luc-en-Diois o\u00f9 il avait grandi.<\/p>\n<!-- \/wp:paragraph -->\n\n<!-- wp:paragraph -->\n<p>Il meurt le 17 janvier 1963, son corps repose dans un cimeti\u00e8re familial \u00e0 Luc-en-Diois.<\/p>\n<!-- \/wp:paragraph -->\n\n<!-- wp:paragraph -->\n<p>Les Cahiers de l\u2019Unitisme<\/p>\n<!-- \/wp:paragraph -->\n\n<!-- wp:list -->\n<ul class=\"wp-block-list\"><!-- wp:list-item -->\n<li>N\u00b01 : Comment soigner et gu\u00e9rir sans exercice ill\u00e9gal de la m\u00e9decine. Principes et proc\u00e9d\u00e9s de base - 1956.<\/li>\n<!-- \/wp:list-item -->\n\n<!-- wp:list-item -->\n<li><strong>N\u00b02 : Gurdjieff \u00e9tait trop grand pour nous : Comprendre et utiliser l'enseignement de Gurdjieff - 1956.<\/strong><\/li>\n<!-- \/wp:list-item -->\n\n<!-- wp:list-item -->\n<li>N\u00b03 : Comment choisir son yoga. Pr\u00e9cisions sur ce que l'on peut attendre du yoga - 1956.<\/li>\n<!-- \/wp:list-item -->\n\n<!-- wp:list-item -->\n<li><strong>N\u00b04 : Enfin un yoga catholique : Le moyen court, Mme J.B de la Motte Guyon, pr\u00e9face de Georges Saint-Bonnet - 1956.<\/strong><\/li>\n<!-- \/wp:list-item -->\n\n<!-- wp:list-item -->\n<li><strong>N\u00b05 : Le tarot des Rose-Croix - 1957.\u00a0 \u00a0<\/strong> \u00a0<\/li>\n<!-- \/wp:list-item -->\n\n<!-- wp:list-item -->\n<li>N\u00b06 : R\u00e9ussir est un devoir. \u00catre quelqu'un ou Comment se forger une personnalit\u00e9 gagnante - 1957.<\/li>\n<!-- \/wp:list-item -->\n\n<!-- wp:list-item -->\n<li>N\u00b07 : Ce que l'on voit sans les yeux, Jacques Lusseyran, introduction et notes de Georges Saint-Bonnet - 1958.<\/li>\n<!-- \/wp:list-item -->\n\n<!-- wp:list-item -->\n<li>N\u00b08 : Gu\u00e9rir \u00e0 coup s\u00fbr - 1958.<\/li>\n<!-- \/wp:list-item -->\n\n<!-- wp:list-item -->\n<li>N\u00b09 : De la Magie sexuelle. Principes et possibilit\u00e9s, dangers, r\u00e9alisations - 1959.<\/li>\n<!-- \/wp:list-item -->\n\n<!-- wp:list-item -->\n<li>N\u00b010 : Joie, pouvoirs, r\u00e9ussite. D'une technique qui d\u00e9cuple les facult\u00e9s de l'homme - 1960.<\/li>\n<!-- \/wp:list-item --><\/ul>\n<!-- \/wp:list -->\n\n<!-- wp:paragraph -->\n<p>Si vous avez des documents ou des photos qui pourraient nous aider \u00e0&nbsp; compl\u00e9ter ce site&nbsp;&nbsp;et permettre la diffusion de l\u2019enseignement de Georges Saint-Bonnet, n\u2019h\u00e9sitez pas \u00e0 nous les&nbsp;&nbsp;transmettre ou \u00e0 nous contacter \u00e0 l\u2019adresse <a href=\"mailto:contact@bernardcrevel.fr\">contact@bernardcrevel.fr<\/a>&nbsp;<\/p>\n<!-- \/wp:paragraph -->\n\n<!-- wp:paragraph -->\n<p><\/p>\n<!-- \/wp:paragraph -->","_et_gb_content_width":"","footnotes":""},"class_list":["post-320","page","type-page","status-publish","hentry"],"yoast_head":"<!-- This site is optimized with the Yoast SEO plugin v24.5 - https:\/\/yoast.com\/wordpress\/plugins\/seo\/ -->\n<title>Georges Saint-Bonnet - Bernard CREVEL<\/title>\n<meta name=\"description\" content=\"Un ma\u00eetre de Joie\" \/>\n<meta name=\"robots\" content=\"index, follow, max-snippet:-1, max-image-preview:large, max-video-preview:-1\" \/>\n<link rel=\"canonical\" href=\"https:\/\/www.bernardcrevel.fr\/?page_id=320\" \/>\n<meta property=\"og:locale\" content=\"fr_FR\" \/>\n<meta property=\"og:type\" content=\"article\" \/>\n<meta property=\"og:title\" content=\"Georges Saint-Bonnet - Bernard CREVEL\" \/>\n<meta property=\"og:description\" content=\"Un ma\u00eetre de Joie\" \/>\n<meta property=\"og:url\" content=\"https:\/\/www.bernardcrevel.fr\/?page_id=320\" \/>\n<meta property=\"og:site_name\" content=\"Bernard CREVEL\" \/>\n<meta property=\"article:modified_time\" content=\"2025-03-15T15:32:52+00:00\" \/>\n<meta name=\"twitter:card\" content=\"summary_large_image\" \/>\n<meta name=\"twitter:label1\" content=\"Dur\u00e9e de lecture estim\u00e9e\" \/>\n\t<meta name=\"twitter:data1\" content=\"3 minutes\" \/>\n<script type=\"application\/ld+json\" class=\"yoast-schema-graph\">{\"@context\":\"https:\/\/schema.org\",\"@graph\":[{\"@type\":\"WebPage\",\"@id\":\"https:\/\/www.bernardcrevel.fr\/?page_id=320\",\"url\":\"https:\/\/www.bernardcrevel.fr\/?page_id=320\",\"name\":\"Georges Saint-Bonnet - Bernard CREVEL\",\"isPartOf\":{\"@id\":\"https:\/\/www.bernardcrevel.fr\/#website\"},\"datePublished\":\"2025-02-28T13:01:00+00:00\",\"dateModified\":\"2025-03-15T15:32:52+00:00\",\"description\":\"Un ma\u00eetre de Joie\",\"breadcrumb\":{\"@id\":\"https:\/\/www.bernardcrevel.fr\/?page_id=320#breadcrumb\"},\"inLanguage\":\"fr-FR\",\"potentialAction\":[{\"@type\":\"ReadAction\",\"target\":[\"https:\/\/www.bernardcrevel.fr\/?page_id=320\"]}]},{\"@type\":\"BreadcrumbList\",\"@id\":\"https:\/\/www.bernardcrevel.fr\/?page_id=320#breadcrumb\",\"itemListElement\":[{\"@type\":\"ListItem\",\"position\":1,\"name\":\"Accueil\",\"item\":\"https:\/\/www.bernardcrevel.fr\/\"},{\"@type\":\"ListItem\",\"position\":2,\"name\":\"Georges Saint-Bonnet\"}]},{\"@type\":\"WebSite\",\"@id\":\"https:\/\/www.bernardcrevel.fr\/#website\",\"url\":\"https:\/\/www.bernardcrevel.fr\/\",\"name\":\"Bernard CREVEL\",\"description\":\"Un enseignement de Sagesse\",\"potentialAction\":[{\"@type\":\"SearchAction\",\"target\":{\"@type\":\"EntryPoint\",\"urlTemplate\":\"https:\/\/www.bernardcrevel.fr\/?s={search_term_string}\"},\"query-input\":{\"@type\":\"PropertyValueSpecification\",\"valueRequired\":true,\"valueName\":\"search_term_string\"}}],\"inLanguage\":\"fr-FR\"}]}<\/script>\n<!-- \/ Yoast SEO plugin. -->","yoast_head_json":{"title":"Georges Saint-Bonnet - Bernard CREVEL","description":"Un ma\u00eetre de Joie","robots":{"index":"index","follow":"follow","max-snippet":"max-snippet:-1","max-image-preview":"max-image-preview:large","max-video-preview":"max-video-preview:-1"},"canonical":"https:\/\/www.bernardcrevel.fr\/?page_id=320","og_locale":"fr_FR","og_type":"article","og_title":"Georges Saint-Bonnet - Bernard CREVEL","og_description":"Un ma\u00eetre de Joie","og_url":"https:\/\/www.bernardcrevel.fr\/?page_id=320","og_site_name":"Bernard CREVEL","article_modified_time":"2025-03-15T15:32:52+00:00","twitter_card":"summary_large_image","twitter_misc":{"Dur\u00e9e de lecture estim\u00e9e":"3 minutes"},"schema":{"@context":"https:\/\/schema.org","@graph":[{"@type":"WebPage","@id":"https:\/\/www.bernardcrevel.fr\/?page_id=320","url":"https:\/\/www.bernardcrevel.fr\/?page_id=320","name":"Georges Saint-Bonnet - Bernard CREVEL","isPartOf":{"@id":"https:\/\/www.bernardcrevel.fr\/#website"},"datePublished":"2025-02-28T13:01:00+00:00","dateModified":"2025-03-15T15:32:52+00:00","description":"Un ma\u00eetre de Joie","breadcrumb":{"@id":"https:\/\/www.bernardcrevel.fr\/?page_id=320#breadcrumb"},"inLanguage":"fr-FR","potentialAction":[{"@type":"ReadAction","target":["https:\/\/www.bernardcrevel.fr\/?page_id=320"]}]},{"@type":"BreadcrumbList","@id":"https:\/\/www.bernardcrevel.fr\/?page_id=320#breadcrumb","itemListElement":[{"@type":"ListItem","position":1,"name":"Accueil","item":"https:\/\/www.bernardcrevel.fr\/"},{"@type":"ListItem","position":2,"name":"Georges Saint-Bonnet"}]},{"@type":"WebSite","@id":"https:\/\/www.bernardcrevel.fr\/#website","url":"https:\/\/www.bernardcrevel.fr\/","name":"Bernard CREVEL","description":"Un enseignement de Sagesse","potentialAction":[{"@type":"SearchAction","target":{"@type":"EntryPoint","urlTemplate":"https:\/\/www.bernardcrevel.fr\/?s={search_term_string}"},"query-input":{"@type":"PropertyValueSpecification","valueRequired":true,"valueName":"search_term_string"}}],"inLanguage":"fr-FR"}]}},"_links":{"self":[{"href":"https:\/\/www.bernardcrevel.fr\/index.php?rest_route=\/wp\/v2\/pages\/320","targetHints":{"allow":["GET"]}}],"collection":[{"href":"https:\/\/www.bernardcrevel.fr\/index.php?rest_route=\/wp\/v2\/pages"}],"about":[{"href":"https:\/\/www.bernardcrevel.fr\/index.php?rest_route=\/wp\/v2\/types\/page"}],"author":[{"embeddable":true,"href":"https:\/\/www.bernardcrevel.fr\/index.php?rest_route=\/wp\/v2\/users\/1"}],"replies":[{"embeddable":true,"href":"https:\/\/www.bernardcrevel.fr\/index.php?rest_route=%2Fwp%2Fv2%2Fcomments&post=320"}],"version-history":[{"count":13,"href":"https:\/\/www.bernardcrevel.fr\/index.php?rest_route=\/wp\/v2\/pages\/320\/revisions"}],"predecessor-version":[{"id":369,"href":"https:\/\/www.bernardcrevel.fr\/index.php?rest_route=\/wp\/v2\/pages\/320\/revisions\/369"}],"wp:attachment":[{"href":"https:\/\/www.bernardcrevel.fr\/index.php?rest_route=%2Fwp%2Fv2%2Fmedia&parent=320"}],"curies":[{"name":"wp","href":"https:\/\/api.w.org\/{rel}","templated":true}]}}